 a(g) = -167*g + 63*g + 120 + 81*g. List the prime factors of a(-23).
11, 59
Suppose -4*v - 6 = -30. Let q be 2*v*1/4. Suppose 0 = 2*i - 5*d - 190, 0*i + q*d + 294 = 3*i. List the prime factors of i.
2, 5
Suppose l - 2 = 21. Suppose -5*c = -8*o + 3469, c = -o + 669 - 224. Suppose -l*u + 21*u = -o. List the prime factors of u.
3, 73
Suppose -66339 = -2*b + z - 4419, z - 92900 = -3*b. What are the prime factors of b?
2, 7741
Suppose -4*o + 86 = 3*m, -2*o - 12 + 66 = 2*m. Let j(u) = 0*u**3 + 4*u - u**3 - 15*u**2 + 37*u**2 - 15. What are the prime factors of j(m)?
73
Let p be (-1 + 1/2)/((-4)/8). Let t be p/(-4) - 187/(-44). Suppose t*l = 3*y - 41, 2*y + l - 31 = 11. List the prime factors of y.
19
Let y(m) = 2*m**2 + 4*m + 4. Let t = -55 - -52. Let h be y(t). Let i(z) = -z**3 + 12*z**2 - 14*z. What are the prime factors of i(h)?
2, 3, 5
Let f(q) = 446*q**2 + 65*q - 925. List the prime factors of f(9).
2, 29, 617
Let h(g) = 53 + 19 + 27 + 0 - 62*g. What are the prime factors of h(-6)?
3, 157
Let t be 5/5 - -1 - (-2 + -62). Suppose 0 = 5*j + t - 491. What are the prime factors of j?
5, 17
Suppose -11*m = -21*m + 8190. Suppose -2*l + m = 2*v - 205, -2*v + 4*l = -1018. List the prime factors of v.
7, 73
Let d(j) = 45 - 5 - j**2 + 8*j + 4*j + 1 + 9*j. Let f be (1 - 1)/(-2) + 18. What are the prime factors of d(f)?
5, 19
Let z(w) = 399*w**2 + 7*w - 2. Suppose 3*f + 6 + 3 = -4*g, 2*f - 4*g = 14. What are the prime factors of z(f)?
2, 101
Let q(w) = 26*w**2 - 111*w + 2754. What are the prime factors of q(29)?
21401
Let l(g) = 46*g + 237. Let q be l(22). Suppose x = -4*d + 1254, x = -7*d + 2*d + q. List the prime factors of x.
2, 7, 13
Let u = -28 - -24. Let z(w) = -w + 3. Let p be z(u). List the prime factors of (-6)/(-4)*630/p.
3, 5
Let v be (4 + -2)/((-2)/4). Let m(n) = 2*n**2 - 12*n - 31. Let p(u) = -u**2 + u + 4. Let j(k) = -m(k) - 6*p(k). List the prime factors of j(v).
47
Suppose -139627 - 6075 + 3997 = -45*d. What are the prime factors of d?
47, 67
Suppose -p = -177 - 252. Suppose 2*w + 157 - p = 0. List the prime factors of w.
2, 17
Let p = -11 - -12. List the prime factors of 476 + 3 - (3/1 - p).
3, 53
Let m be (2 - -1672)/(-4 - 35/(-7)). Suppose -858 = -l + g - 6*g, m = 2*l - 4*g. What are the prime factors of l?
3, 281
Suppose 5*h = -40 - 0. Let k(q) = q**3 + 10*q**2 + 9*q + 34. Let s be k(h). Suppose -c + s + 60 = 0. List the prime factors of c.
2, 3, 5
Let s = 13 - 10. Suppose 0 = -s*k - 3*x - 6, 3*x = -4*k + 3*k + 2. What are the prime factors of ((-219)/3 - k)*-1?
3, 23
List the prime factors of (-100)/10 + 22 + 12116.
2, 379
Let h(r) = r**2 + 0*r**2 + r + 50 - 50. Let n(g) = 5*g**3 - 7*g**2 - g. Let w(v) = 2*h(v) + n(v). What are the prime factors of w(3)?
3, 31
What are the prime factors of 48/112 - 215868/(-28)?
2, 3, 5, 257
Suppose 0 = 181*s + 3*s - 3119904. What are the prime factors of s?
2, 3, 157
Let n be (0/(5/(-5)))/(-2 - -1). Suppose l = 5*j, 0*j - j - 2*l = n. Suppose 2*r - 24 = -o, j*o - 4*o + 86 = 3*r. What are the prime factors of o?
2, 5
Let f(x) = 8*x**2 - 4*x + 604. List the prime factors of f(-25).
2, 23, 31
Let z(f) = 334*f**2 - 153*f - 12. What are the prime factors of z(5)?
7573
Suppose 85*g - 82*g = -12, 4*g - 70624 = -5*z. List the prime factors of z.
2, 883
Let s be (759/132)/((-18)/(-8) - 2). Let j(d) = d**2 - 19*d - 34. List the prime factors of j(s).
2, 29
Suppose -22*u - 46694 = -217744. What are the prime factors of u?
5, 311
Let w(g) = -g**3 - 88*g**2 - 444*g + 375. List the prime factors of w(-87).
2, 3, 13, 31
Let r(v) = v**2 - 10*v + 14. Let p(w) = -w. Let u(i) = -5*p(i) + r(i). Let q be u(8). Suppose -q = -4*s + 14. List the prime factors of s.
13
Let x(p) = 7*p**2 - 197*p + 356. List the prime factors of x(29).
2, 5, 53
List the prime factors of (1/(2 + 13323/(-6661)))/(1760/(-12320)).
7, 6661
Let a(t) = 14*t**2 + 109*t - 329. List the prime factors of a(53).
2, 61, 367
Let w(d) = d**2 - 12*d - 61. Let m be w(16). Let n(a) = 98*a**2 - a + 11. What are the prime factors of n(m)?
2, 5, 89
Let l = 30416 + 6900. What are the prime factors of l?
2, 19, 491
Let p = 317 - 314. List the prime factors of 245 + -5 + p - -7.
2, 5
Let f(a) = -5*a - 1. Suppose r = -r + 3*q - 11, q - 7 = 4*r. Let v be f(r). List the prime factors of 50/5*v - 2.
2, 19
List the prime factors of (-5 - (-10428)/(-48))*-24.
2, 3, 7, 127
Let m = 1719 + -1233. List the prime factors of m.
2, 3
Let v(t) = 4*t + 204. Let g be v(-16). List the prime factors of (-252)/g - 16068/(-10).
3, 5, 107
Let p(o) = -450*o - 151. What are the prime factors of p(-18)?
7949
Let y = 85 + -84. What are the prime factors of (-295)/(y/1)*(-272)/170?
2, 59
Let x(r) = -69*r - 6. List the prime factors of x(-3).
3, 67
Let f(b) = b**2 - 29*b + 635. What are the prime factors of f(-72)?
7907
Let p(v) = 6*v**3 - 392*v**2 + 30*v + 321. List the prime factors of p(68).
5, 15269
Let p(m) = 8*m**3 + 2*m**2 - m - 6. Let b be p(2). Let z = b - -84. List the prime factors of z.
2, 37
Suppose -2*k + 79479 = -2*x + 194133, -3*x + 4*k + 171979 = 0. List the prime factors of x.
57329
Suppose -53*v + 8521 = 258*v - 3244850. List the prime factors of v.
3, 11, 317
Suppose -5*n = 23 - 48. Let z(o) = 7*o**3 - 8*o**2 - 16*o - 6. List the prime factors of z(n).
19, 31
Let i(l) = 287*l + 11. Let n be i(2). Suppose -4*w + 2*b = -780, -5*b = -0*w + 3*w - n. What are the prime factors of w?
3, 5, 13
Let p = 204 + -166. Let j = 871 + p. List the prime factors of j.
3, 101
Let g(m) = -31*m - 15. Let u be g(-3). Let i = u - 37. Let z = i - 27. What are the prime factors of z?
2, 7
Suppose 0 = 2*s + 3*o - 76134, 152334 = 4*s + 8*o - 13*o. What are the prime factors of s?
2, 3, 19, 167
Let d be (1 + 1)*(-10 + 11). Suppose 9*q + 646 = d*f + 7*q, -5*f + 3*q + 1605 = 0. List the prime factors of f.
2, 3, 53
Let f = 458 - 454. Suppose 2636 = -k + 6*k - f*x, -4*k - 2*x + 2088 = 0. What are the prime factors of k?
2, 131
Suppose j + 230*o - 27497 = 228*o, 54995 = 2*j + 5*o. What are the prime factors of j?
3, 5, 13, 47
Let h(y) = -2*y**3 - y - 39*y - 1754*y**2 + 34 + 1828*y**2. What are the prime factors of h(36)?
2, 593
What are the prime factors of (259 + -260)/(((-6)/41074)/3)?
11, 1867
Let u(t) = -9 + t + 16*t + 5*t**2 - 17. What are the prime factors of u(-9)?
2, 113
Let y(q) = -q**3 - 21*q**2 - 22*q - 45. Let b be y(-20). Let h be (0 - 2) + 5 + -30. List the prime factors of h/45 - 293/b.
2, 29
Let k(h) = 517*h**2 - 23*h + 22. Suppose 3*s = n - 13, 2*s = 4*n - 7*n - 5. What are the prime factors of k(n)?
2, 3, 43
Let r be 18/(-4)*(-80)/45. Suppose -r*t + 11*t - 924 = 0. What are the prime factors of t?
2, 7, 11
Suppose -4*s - 101*m + 103*m = -162214, -3*m + 81087 = 2*s. What are the prime factors of s?
3, 7, 1931
Suppose -19*w - 6225 + 56395 = 10*w. What are the prime factors of w?
2, 5, 173
Let t = -85561 - -125426. List the prime factors of t.
5, 7, 17, 67
Suppose -9720 + 1314 = -6*q. Suppose 0*h + q = h - 2*r, -5631 = -4*h - r. What are the prime factors of h?
3, 7, 67
Let l = -41073 + 62388. List the prime factors of l.
3, 5, 7, 29
Let p be (-2)/6 - (-3)/(63/133). Suppose -10*w + p*w = -1228. Suppose -143 = -10*x + w. What are the prime factors of x?
3, 5
Suppose 0 = -21707*c + 21704*c + 25035. What are the prime factors of c?
5, 1669
Suppose 3*i = -27851 + 67493. What are the prime factors of i?
2, 6607
Suppose 0 = 4*g + 16, 57*s - 61*s - 4*g = -47148. What are the prime factors of s?
13, 907
Let o(z) = z**2 + 5*z - 18. Let f be ((-64)/80)/(1/(-15)). Let r be o(f). Suppose -2*g = -h - r, 0 = 4*g - h + 4*h - 392. List the prime factors of g.
5, 19
Let w(q) = 6*q**3 + 5*q - 7*q**3 + 305 - 3*q**2 - q**2 + q**2. List the prime factors of w(0).
5, 61
Let f(i) = -118*i - 216. Let b be f(27). Let t = b - -4864. List the prime factors of t.
2, 17, 43
Suppose 16 = 2*y - 4*m - 26, 0 = y + 5*m. Suppose 7*h = y*h - 296. What are the prime factors of h?
37
Suppose -5*n = 20, 2*p - 5734 = 3*n + 13362. List the prime factors of p.
2, 13, 367
Suppose 76 = 3*o + 10. Let k = o + 18. What are the prime factors of 8/k + 1788/10?
179
List the prime factors of (-14318)/(-14) + 698/2443.
3, 11, 31
Let i(x) = -36*x**2 + 19*x - 6. Let l be i(2). Let u = 267 - 442. Let y = l - u. List the prime factors of y.
